{"id":81,"date":"2022-02-21T18:33:00","date_gmt":"2022-02-21T17:33:00","guid":{"rendered":"https:\/\/canal.ugr.es\/UGR2031\/?page_id=81"},"modified":"2022-05-04T08:20:12","modified_gmt":"2022-05-04T06:20:12","slug":"presentacion","status":"publish","type":"page","link":"https:\/\/canal.ugr.es\/UGR2031\/presentacion\/","title":{"rendered":"Presentaci\u00f3n"},"content":{"rendered":"\n<div class=\"wp-block-columns is-layout-flex wp-container-core-columns-is-layout-9d6595d7 wp-block-columns-is-layout-flex\">\n<div class=\"wp-block-column is-layout-flow wp-block-column-is-layout-flow\" style=\"flex-basis:20%\"><\/div>\n\n\n\n<div class=\"wp-block-column is-layout-flow wp-block-column-is-layout-flow\" style=\"flex-basis:80%\">\n<p>La Universidad debe ser un agente activo que adquiera un protagonismo principal para hacer frente a esos retos en la b\u00fasqueda de una sociedad m\u00e1s justa, m\u00e1s equilibrada, m\u00e1s sostenible, La Universidad debe ser un agente activo que adquiera un protagonismo principal para hacer frente a esos retos, en la b\u00fasqueda de una sociedad m\u00e1s justa, m\u00e1s equilibrada, m\u00e1s sostenible, m\u00e1s inclusiva e igualitaria.<\/p>\n\n\n\n<p>Si se quiere una Universidad mejor, se deben apoyar determinadas acciones y evitar otras; en definitiva, se debe planificar. Pero la clave de un plan estrat\u00e9gico no reside en la necesidad de planificaci\u00f3n en s\u00ed misma, sino m\u00e1s bien en el propio ejercicio de reflexi\u00f3n acerca de lo que la instituci\u00f3n es y de lo que aspira a ser y de la fijaci\u00f3n de l\u00edneas y metas a alcanzar.<\/p>\n<\/div>\n<\/div>\n\n\n\n<p>En este sentido, la elaboraci\u00f3n del Plan Estrat\u00e9gico UGR 2031 ha significado una oportunidad para repensar nuestro modelo de universidad, para se\u00f1alar el camino de su adaptaci\u00f3n a las exigencias de la sociedad global del conocimiento y para sentar las bases del presente y del futuro de nuestra instituci\u00f3n. Lo hemos hecho situando como horizonte estrat\u00e9gico el a\u00f1o 2031, en el que conmemoraremos nuestro V Centenario.<\/p>\n\n\n\n<p>Ha sido un proceso de reflexi\u00f3n estrat\u00e9gica riguroso, abierto y que ha contado con una amplia participaci\u00f3n de la comunidad universitaria y de la sociedad a la que servimos. Casi quinientas personas han participado directamente en los grupos de trabajo y en los laboratorios de ideas en representaci\u00f3n de la comunidad universitaria y la sociedad, aportando la imprescindible y enriquecedora mirada externa a la instituci\u00f3n. Nuestro m\u00e1s profundo agradecimiento a todas las personas que directa o indirectamente han participado en la elaboraci\u00f3n de este Plan Estrat\u00e9gico por su compromiso universitario y dedicaci\u00f3n generosa durante los dif\u00edciles tiempos de la pandemia con los que coincidi\u00f3. Fruto de su esfuerzo surge este documento que, desde un an\u00e1lisis riguroso de nuestras fortalezas y debilidades, recoge las expectativas sobre el futuro de la Universidad de Granada en forma de ejes y l\u00edneas estrat\u00e9gicas que deben servir de gu\u00eda a la actividad de la instituci\u00f3n en la pr\u00f3xima d\u00e9cada.<\/p>\n\n\n\n<div class=\"wp-block-columns are-vertically-aligned-top is-layout-flex wp-container-core-columns-is-layout-9d6595d7 wp-block-columns-is-layout-flex\">\n<div class=\"wp-block-column is-vertically-aligned-top is-layout-flow wp-block-column-is-layout-flow\" style=\"flex-basis:40%\">\n<figure class=\"wp-block-image size-full\"><img loading=\"lazy\" decoding=\"async\" width=\"1707\" height=\"2560\" src=\"https:\/\/canal.ugr.es\/UGR2031\/wp-content\/uploads\/2022\/04\/Pilar_Aranda_UGR2031-scaled.jpg\" alt=\"\" class=\"wp-image-6234\" srcset=\"https:\/\/canal.ugr.es\/UGR2031\/wp-content\/uploads\/2022\/04\/Pilar_Aranda_UGR2031-scaled.jpg 1707w, https:\/\/canal.ugr.es\/UGR2031\/wp-content\/uploads\/2022\/04\/Pilar_Aranda_UGR2031-200x300.jpg 200w, https:\/\/canal.ugr.es\/UGR2031\/wp-content\/uploads\/2022\/04\/Pilar_Aranda_UGR2031-683x1024.jpg 683w, https:\/\/canal.ugr.es\/UGR2031\/wp-content\/uploads\/2022\/04\/Pilar_Aranda_UGR2031-768x1152.jpg 768w, https:\/\/canal.ugr.es\/UGR2031\/wp-content\/uploads\/2022\/04\/Pilar_Aranda_UGR2031-1024x1536.jpg 1024w, https:\/\/canal.ugr.es\/UGR2031\/wp-content\/uploads\/2022\/04\/Pilar_Aranda_UGR2031-1365x2048.jpg 1365w\" sizes=\"auto, (max-width: 1707px) 100vw, 1707px\" \/><\/figure>\n<\/div>\n\n\n\n<div class=\"wp-block-column is-vertically-aligned-top is-layout-flow wp-block-column-is-layout-flow\" style=\"flex-basis:60%\">\n<p><\/p>\n\n\n\n<p>Gracias a todas las personas que han formado parte del Comit\u00e9 Director del Plan Estrat\u00e9gico as\u00ed como a las coordinadoras y coordinadores de los grupos de trabajo, y muy especialmente nuestro <a href=\"https:\/\/canal.ugr.es\/UGR2031\/agradecimientos\/\" data-type=\"page\" data-id=\"6736\">agradecimiento al equipo humano<\/a> del Vicerrectorado de Pol\u00edtica Institucional y Planificaci\u00f3n, a su Vicerrector el profesor Pedro Mercado Pacheco y al Director de Planificaci\u00f3n Estrat\u00e9gica, el profesor Salvador del Barrio Garc\u00eda, por el excelente trabajo de coordinaci\u00f3n de un proceso de elaboraci\u00f3n ampliamente participado y consensuado, que por s\u00ed mismo constituye el primer gran logro de este nuevo Plan Estrat\u00e9gico.<\/p>\n\n\n\n<p>El ejercicio de planificaci\u00f3n que representa este nuevo Plan Estrat\u00e9gico UGR 2031 va a permitir a la instituci\u00f3n plantear propuestas y tomar decisiones m\u00e1s all\u00e1 del corto plazo, mirando al futuro de cara a afrontar los retos y desaf\u00edos de la sociedad del conocimiento y del nuevo modelo econ\u00f3mico y social al que nos dirigimos en la pr\u00f3xima d\u00e9cada, y con la vista puesta en el Horizonte 2031, a\u00f1o de nuestro V Centenario.<\/p>\n\n\n\n<p><strong>Pilar Aranda Ram\u00edrez<\/strong><br>Rectora de la Universidad de Granada<br>Abril de 2022<\/p>\n<\/div>\n<\/div>\n\n\n\n<div class=\"wp-block-columns is-layout-flex wp-container-core-columns-is-layout-9d6595d7 wp-block-columns-is-layout-flex\">\n<div class=\"wp-block-column is-layout-flow wp-block-column-is-layout-flow\" style=\"flex-basis:20%\"><\/div>\n\n\n\n<div class=\"wp-block-column is-layout-flow wp-block-column-is-layout-flow\" style=\"flex-basis:80%\">\n<p><\/p>\n<\/div>\n<\/div>\n","protected":false},"excerpt":{"rendered":"<p>La Universidad ha de ser capaz de encontrar respuestas a las transformaciones que se est\u00e1n produciendo como consecuencia de las crisis y cambios que se suceden en la sociedad, as\u00ed como a la necesidad de generaci\u00f3n y promoci\u00f3n del conocimiento cient\u00edfico y de proyecci\u00f3n internacional en conjunci\u00f3n con el entorno socioecon\u00f3mico. En la medida en que sea eficaz en este proceso de generaci\u00f3n de conocimiento, tambi\u00e9n de aprendizaje, mayor ser\u00e1 el desarrollo de la inteligencia colectiva y, en consecuencia, mayor ser\u00e1 tambi\u00e9n su \u00e9xito.<\/p>\n","protected":false},"author":1,"featured_media":3368,"parent":0,"menu_order":1,"comment_status":"closed","ping_status":"closed","template":"","meta":{"site-sidebar-layout":"default","site-content-layout":"default","ast-main-header-display":"","ast-hfb-above-header-display":"","ast-hfb-below-header-display":"","ast-hfb-mobile-header-display":"","site-post-title":"","ast-breadcrumbs-content":"","ast-featured-img":"","footer-sml-layout":"","theme-transparent-header-meta":"","adv-header-id-meta":"","stick-header-meta":"","header-above-stick-meta":"","header-main-stick-meta":"","header-below-stick-meta":"","footnotes":""},"eje":[],"class_list":["post-81","page","type-page","status-publish","has-post-thumbnail","hentry"],"yoast_head":"<!-- This site is optimized with the Yoast SEO plugin v18.9 - https:\/\/yoast.com\/wordpress\/plugins\/seo\/ -->\n<title>Presentaci\u00f3n - Plan Estrat\u00e9gico UGR 2031<\/title>\n<meta name=\"robots\" content=\"index, follow, max-snippet:-1, max-image-preview:large, max-video-preview:-1\" \/>\n<link rel=\"canonical\" href=\"https:\/\/canal.ugr.es\/UGR2031\/presentacion\/\" \/>\n<meta property=\"og:locale\" content=\"es_ES\" \/>\n<meta property=\"og:type\" content=\"article\" \/>\n<meta property=\"og:title\" content=\"Presentaci\u00f3n - Plan Estrat\u00e9gico UGR 2031\" \/>\n<meta property=\"og:description\" content=\"La Universidad ha de ser capaz de encontrar respuestas a las transformaciones que se est\u00e1n produciendo como consecuencia de las crisis y cambios que se suceden en la sociedad, as\u00ed como a la necesidad de generaci\u00f3n y promoci\u00f3n del conocimiento cient\u00edfico y de proyecci\u00f3n internacional en conjunci\u00f3n con el entorno socioecon\u00f3mico. En la medida en que sea eficaz en este proceso de generaci\u00f3n de conocimiento, tambi\u00e9n de aprendizaje, mayor ser\u00e1 el desarrollo de la inteligencia colectiva y, en consecuencia, mayor ser\u00e1 tambi\u00e9n su \u00e9xito.\" \/>\n<meta property=\"og:url\" content=\"https:\/\/canal.ugr.es\/UGR2031\/presentacion\/\" \/>\n<meta property=\"og:site_name\" content=\"Plan Estrat\u00e9gico UGR 2031\" \/>\n<meta property=\"article:modified_time\" content=\"2022-05-04T06:20:12+00:00\" \/>\n<meta property=\"og:image\" content=\"https:\/\/canal.ugr.es\/UGR2031\/wp-content\/uploads\/2022\/03\/presentacion.jpg\" \/>\n\t<meta property=\"og:image:width\" content=\"1920\" \/>\n\t<meta property=\"og:image:height\" content=\"1280\" \/>\n\t<meta property=\"og:image:type\" content=\"image\/jpeg\" \/>\n<meta name=\"twitter:card\" content=\"summary_large_image\" \/>\n<meta name=\"twitter:label1\" content=\"Tiempo de lectura\" \/>\n\t<meta name=\"twitter:data1\" content=\"3 minutos\" \/>\n<script type=\"application\/ld+json\" class=\"yoast-schema-graph\">{\"@context\":\"https:\/\/schema.org\",\"@graph\":[{\"@type\":\"WebSite\",\"@id\":\"https:\/\/canal.ugr.es\/UGR2031\/#website\",\"url\":\"https:\/\/canal.ugr.es\/UGR2031\/\",\"name\":\"Plan Estrat\u00e9gico UGR 2031\",\"description\":\"Plan estrat\u00e9gico 2031 de la Universidad de Granada\",\"potentialAction\":[{\"@type\":\"SearchAction\",\"target\":{\"@type\":\"EntryPoint\",\"urlTemplate\":\"https:\/\/canal.ugr.es\/UGR2031\/?s={search_term_string}\"},\"query-input\":\"required name=search_term_string\"}],\"inLanguage\":\"es\"},{\"@type\":\"ImageObject\",\"inLanguage\":\"es\",\"@id\":\"https:\/\/canal.ugr.es\/UGR2031\/presentacion\/#primaryimage\",\"url\":\"https:\/\/canal.ugr.es\/UGR2031\/wp-content\/uploads\/2022\/03\/presentacion.jpg\",\"contentUrl\":\"https:\/\/canal.ugr.es\/UGR2031\/wp-content\/uploads\/2022\/03\/presentacion.jpg\",\"width\":1920,\"height\":1280},{\"@type\":\"WebPage\",\"@id\":\"https:\/\/canal.ugr.es\/UGR2031\/presentacion\/#webpage\",\"url\":\"https:\/\/canal.ugr.es\/UGR2031\/presentacion\/\",\"name\":\"Presentaci\u00f3n - Plan Estrat\u00e9gico UGR 2031\",\"isPartOf\":{\"@id\":\"https:\/\/canal.ugr.es\/UGR2031\/#website\"},\"primaryImageOfPage\":{\"@id\":\"https:\/\/canal.ugr.es\/UGR2031\/presentacion\/#primaryimage\"},\"datePublished\":\"2022-02-21T17:33:00+00:00\",\"dateModified\":\"2022-05-04T06:20:12+00:00\",\"breadcrumb\":{\"@id\":\"https:\/\/canal.ugr.es\/UGR2031\/presentacion\/#breadcrumb\"},\"inLanguage\":\"es\",\"potentialAction\":[{\"@type\":\"ReadAction\",\"target\":[\"https:\/\/canal.ugr.es\/UGR2031\/presentacion\/\"]}]},{\"@type\":\"BreadcrumbList\",\"@id\":\"https:\/\/canal.ugr.es\/UGR2031\/presentacion\/#breadcrumb\",\"itemListElement\":[{\"@type\":\"ListItem\",\"position\":1,\"name\":\"Portada\",\"item\":\"https:\/\/canal.ugr.es\/UGR2031\/\"},{\"@type\":\"ListItem\",\"position\":2,\"name\":\"Presentaci\u00f3n\"}]}]}<\/script>\n<!-- \/ Yoast SEO plugin. -->","yoast_head_json":{"title":"Presentaci\u00f3n - Plan Estrat\u00e9gico UGR 2031","robots":{"index":"index","follow":"follow","max-snippet":"max-snippet:-1","max-image-preview":"max-image-preview:large","max-video-preview":"max-video-preview:-1"},"canonical":"https:\/\/canal.ugr.es\/UGR2031\/presentacion\/","og_locale":"es_ES","og_type":"article","og_title":"Presentaci\u00f3n - Plan Estrat\u00e9gico UGR 2031","og_description":"La Universidad ha de ser capaz de encontrar respuestas a las transformaciones que se est\u00e1n produciendo como consecuencia de las crisis y cambios que se suceden en la sociedad, as\u00ed como a la necesidad de generaci\u00f3n y promoci\u00f3n del conocimiento cient\u00edfico y de proyecci\u00f3n internacional en conjunci\u00f3n con el entorno socioecon\u00f3mico. En la medida en que sea eficaz en este proceso de generaci\u00f3n de conocimiento, tambi\u00e9n de aprendizaje, mayor ser\u00e1 el desarrollo de la inteligencia colectiva y, en consecuencia, mayor ser\u00e1 tambi\u00e9n su \u00e9xito.","og_url":"https:\/\/canal.ugr.es\/UGR2031\/presentacion\/","og_site_name":"Plan Estrat\u00e9gico UGR 2031","article_modified_time":"2022-05-04T06:20:12+00:00","og_image":[{"width":1920,"height":1280,"url":"https:\/\/canal.ugr.es\/UGR2031\/wp-content\/uploads\/2022\/03\/presentacion.jpg","type":"image\/jpeg"}],"twitter_card":"summary_large_image","twitter_misc":{"Tiempo de lectura":"3 minutos"},"schema":{"@context":"https:\/\/schema.org","@graph":[{"@type":"WebSite","@id":"https:\/\/canal.ugr.es\/UGR2031\/#website","url":"https:\/\/canal.ugr.es\/UGR2031\/","name":"Plan Estrat\u00e9gico UGR 2031","description":"Plan estrat\u00e9gico 2031 de la Universidad de Granada","potentialAction":[{"@type":"SearchAction","target":{"@type":"EntryPoint","urlTemplate":"https:\/\/canal.ugr.es\/UGR2031\/?s={search_term_string}"},"query-input":"required name=search_term_string"}],"inLanguage":"es"},{"@type":"ImageObject","inLanguage":"es","@id":"https:\/\/canal.ugr.es\/UGR2031\/presentacion\/#primaryimage","url":"https:\/\/canal.ugr.es\/UGR2031\/wp-content\/uploads\/2022\/03\/presentacion.jpg","contentUrl":"https:\/\/canal.ugr.es\/UGR2031\/wp-content\/uploads\/2022\/03\/presentacion.jpg","width":1920,"height":1280},{"@type":"WebPage","@id":"https:\/\/canal.ugr.es\/UGR2031\/presentacion\/#webpage","url":"https:\/\/canal.ugr.es\/UGR2031\/presentacion\/","name":"Presentaci\u00f3n - Plan Estrat\u00e9gico UGR 2031","isPartOf":{"@id":"https:\/\/canal.ugr.es\/UGR2031\/#website"},"primaryImageOfPage":{"@id":"https:\/\/canal.ugr.es\/UGR2031\/presentacion\/#primaryimage"},"datePublished":"2022-02-21T17:33:00+00:00","dateModified":"2022-05-04T06:20:12+00:00","breadcrumb":{"@id":"https:\/\/canal.ugr.es\/UGR2031\/presentacion\/#breadcrumb"},"inLanguage":"es","potentialAction":[{"@type":"ReadAction","target":["https:\/\/canal.ugr.es\/UGR2031\/presentacion\/"]}]},{"@type":"BreadcrumbList","@id":"https:\/\/canal.ugr.es\/UGR2031\/presentacion\/#breadcrumb","itemListElement":[{"@type":"ListItem","position":1,"name":"Portada","item":"https:\/\/canal.ugr.es\/UGR2031\/"},{"@type":"ListItem","position":2,"name":"Presentaci\u00f3n"}]}]}},"_links":{"self":[{"href":"https:\/\/canal.ugr.es\/UGR2031\/wp-json\/wp\/v2\/pages\/81","targetHints":{"allow":["GET"]}}],"collection":[{"href":"https:\/\/canal.ugr.es\/UGR2031\/wp-json\/wp\/v2\/pages"}],"about":[{"href":"https:\/\/canal.ugr.es\/UGR2031\/wp-json\/wp\/v2\/types\/page"}],"author":[{"embeddable":true,"href":"https:\/\/canal.ugr.es\/UGR2031\/wp-json\/wp\/v2\/users\/1"}],"replies":[{"embeddable":true,"href":"https:\/\/canal.ugr.es\/UGR2031\/wp-json\/wp\/v2\/comments?post=81"}],"version-history":[{"count":69,"href":"https:\/\/canal.ugr.es\/UGR2031\/wp-json\/wp\/v2\/pages\/81\/revisions"}],"predecessor-version":[{"id":6777,"href":"https:\/\/canal.ugr.es\/UGR2031\/wp-json\/wp\/v2\/pages\/81\/revisions\/6777"}],"wp:featuredmedia":[{"embeddable":true,"href":"https:\/\/canal.ugr.es\/UGR2031\/wp-json\/wp\/v2\/media\/3368"}],"wp:attachment":[{"href":"https:\/\/canal.ugr.es\/UGR2031\/wp-json\/wp\/v2\/media?parent=81"}],"wp:term":[{"taxonomy":"eje","embeddable":true,"href":"https:\/\/canal.ugr.es\/UGR2031\/wp-json\/wp\/v2\/eje?post=81"}],"curies":[{"name":"wp","href":"https:\/\/api.w.org\/{rel}","templated":true}]}}