{"id":6736,"date":"2022-05-03T17:26:50","date_gmt":"2022-05-03T15:26:50","guid":{"rendered":"https:\/\/canal.ugr.es\/UGR2031\/?page_id=6736"},"modified":"2022-05-09T10:51:22","modified_gmt":"2022-05-09T08:51:22","slug":"agradecimientos","status":"publish","type":"page","link":"https:\/\/canal.ugr.es\/UGR2031\/agradecimientos\/","title":{"rendered":"Agradecimientos"},"content":{"rendered":"\n<div class=\"wp-block-columns is-layout-flex wp-container-core-columns-is-layout-9d6595d7 wp-block-columns-is-layout-flex\">\n<div class=\"wp-block-column is-layout-flow wp-block-column-is-layout-flow\" style=\"flex-basis:50%\">\n<h2 class=\"text-serif has-ast-global-color-0-color has-text-color has-medium-font-size wp-block-heading\"><strong>La Universidad de Granada da las gracias a todas las personas que han contribuido al Plan Estrat\u00e9gico 2031, especialmente a:<\/strong><\/h2>\n<\/div>\n\n\n\n<div class=\"wp-block-column is-layout-flow wp-block-column-is-layout-flow\" style=\"flex-basis:50%\"><\/div>\n<\/div>\n\n\n\n<div style=\"height:20px\" aria-hidden=\"true\" class=\"wp-block-spacer\"><\/div>\n\n\n\n<div class=\"wp-block-columns is-layout-flex wp-container-core-columns-is-layout-9d6595d7 wp-block-columns-is-layout-flex\">\n<div class=\"wp-block-column is-layout-flow wp-block-column-is-layout-flow\">\n<p class=\"blur text-justify has-white-color has-ast-global-color-0-background-color has-text-color has-background\" style=\"font-size:15px\"><strong>Vicerrectorado de Pol\u00edtica Institucional y Planificaci\u00f3n<\/strong> Pedro Mercado Pacheco \u2013 Salvador del Barrio Garc\u00eda \u2013 Celia Garc\u00eda Fern\u00e1ndez \u2013 Jos\u00e9 Claudio Gil Reyes \u2013 Ana Valderrama Mu\u00f1oz \u2013 M\u00edriam Lourdes Mart\u00ednez Garrido <strong>Comit\u00e9 Director del Plan Estrat\u00e9gico: Presidenta<\/strong> \u2013 Pilar Aranda Ram\u00edrez <strong>Vicerrectorado de Pol\u00edtica Institucional y Planificaci\u00f3n<\/strong> \u2013 Pedro Mercado Pacheco \u2013 Salvador del Barrio Garc\u00eda <strong>Representaci\u00f3n de la Comunidad Universitaria<\/strong> \u2013 Aurora Bueno Cavanillas \u2013 Antonio Jes\u00fas Campos Mu\u00f1oz \u2013 Andr\u00e9s Catena Mart\u00ednez \u2013 Susana Corzo Fern\u00e1ndez \u2013 Ana Isabel del Moral Garc\u00eda \u2013 Manuel D\u00edaz Carrillo \u2013 Joaqu\u00edn Fern\u00e1ndez Valdivia \u2013 M\u00aa Dolores Ferre Cano \u2013 M\u00aa Jos\u00e9 G\u00e1lvez Ru\u00edz \u2013 Emilia Guadix Escobar \u2013 Miguel \u00c1ngel Guardia L\u00f3pez \u2013 Francisco Herrera Triguero \u2013 Juli\u00e1n Juber\u00edas Olmo \u2013 Juan L\u00f3pez Mart\u00ednez \u2013 Teodoro Luque Mart\u00ednez \u2013 Juan Antonio Marmolejo Mart\u00edn \u2013 Germ\u00e1n Mart\u00ednez Montes \u2013 Jos\u00e9 Antonio P\u00e9rez Tapias \u2013 Fernando Jes\u00fas Trujillo S\u00e1ez \u2013 Alicia Vera Suanes \u2013 Javier Villoria Prieto <strong>Representaci\u00f3n Externa<\/strong> \u2013 Ana Agudo Mart\u00ednez \u2013 \u00c1ngeles Orantes-Zurita L\u00f3pez \u2013 Fiona Hunter \u2013 Gregorio Jim\u00e9nez L\u00f3pez \u2013 Elisa P\u00e9rez Vera <strong>Coordinadores de grupos:<\/strong> Rafa Cano Guerv\u00f3s (<strong>Personas, Identidad y Participaci\u00f3n<\/strong>) \u2013 Inmaculada Ramos Tapia (<strong>Docencia y Aprendizaje<\/strong>) \u2013 Sergio Navas Concha (<strong>Investigaci\u00f3n, Innovaci\u00f3n y Transferencia<\/strong>) \u2013 Gregorio Jim\u00e9nez L\u00f3pez (<strong>Modelo de Econom\u00eda y Transformaci\u00f3n del Entorno<\/strong>) \u2013 Miguel \u00c1ngel Guardia L\u00f3pez (<strong>Gobernanza, Gesti\u00f3n y Financiaci\u00f3n<\/strong>) \u2013 Margarita S\u00e1nchez Romero (<strong>Sociedad, cultura y proyecci\u00f3n social<\/strong>) \u2013 Teresa Bajo Molina (<strong>Internacionalizaci\u00f3n<\/strong>) \u2013 Pedro Garc\u00eda Teodoro (<strong>Transformaci\u00f3n Digital<\/strong>) <strong>Equipo de Gobierno<\/strong> Pilar Aranda Ram\u00edrez \u2013 Mar\u00eda Asunci\u00f3n Torres L\u00f3pez \u2013 M\u00aa del Mar Holgado Molina \u2013 Pedro Mercado Pacheco \u2013 Dorothy Kelly \u2013 Enrique Herrera Viedma \u2013 Juan Manuel Mart\u00edn Garc\u00eda \u2013 Fernando Cornet S\u00e1nchez del \u00c1guila \u2013 Jos\u00e9 Antonio Naranjo Rodr\u00edguez \u2013 Victor Jes\u00fas Medina Fl\u00f3rez \u2013 Margarita S\u00e1nchez Romero \u2013 Mar\u00eda Bego\u00f1a del Pino Prieto \u2013 Jes\u00fas Banqueri Oz\u00e1ez \u2013 Teresa Pozo Llorente \u2013 Jes\u00fas Conde Antequera \u2013 Sol Ostos Rey \u2013 Jos\u00e9 \u00c1ngel Ib\u00e1\u00f1ez Zapata \u2013 Elena Morales Torres <strong>Proceso participativo<\/strong> Betty Agnani \u2013 Raquel Aguado L\u00f3pez \u2013 Jos\u00e9 Manuel Aguayo Moral \u2013 Lucas Alados Arboledas \u2013 Miguel Alaminos Mingorance \u2013 Montserrat Alcaina Ortiz \u2013 Domingo Alcaraz Segura \u2013 Dunia Almansouri Umpierrez \u2013 Sara Alonso Quirante \u2013 Alejandro Amat Hern\u00e1ndez \u2013 Juan Alberto Arag\u00f3n Correa \u2013 Henry Aray Casanova \u2013 Rosario Arcas Paco \u2013 Elena Arigita Maza \u2013 David Ariza P\u00e9rez \u2013 Wenceslao Arroyo Machado \u2013 M\u00aa Asunci\u00f3n Arrufat P\u00e9rez de la Zafra \u2013 Juan Jos\u00e9 \u00c1vila Marfil \u2013 Jos\u00e9 Miguel Aza\u00f1\u00f3n Hern\u00e1ndez \u2013 Vicente Ballesteros Alarc\u00f3n \u2013 Jes\u00fas Banqueri Oz\u00e1ez \u2013 Eduardo Battaner L\u00f3pez \u2013 Mar\u00eda Luisa Bellido Gant \u2013 Alicia Benarroch Benarroch \u2013 Francisco Luis Ben\u00edtez Mart\u00ednez \u2013 Juan Luis Ben\u00edtez Mu\u00f1oz \u2013 Ra\u00fal Berdon\u00e9s Montoya \u2013 Mar\u00eda Isabel Berenguer Maldonado \u2013 Lilian Bermejo Luque \u2013 Mar\u00eda Berm\u00fadez Mart\u00ednez \u2013 Ignacio Blanco Medina \u2013 Fernando Bol\u00edvar Galiano \u2013 Francisco Buend\u00eda Fern\u00e1ndez \u2013 Francisco Caballero Rodr\u00edguez \u2013 David Cabello Manrique \u2013 Juan Carlos Cabello Pi\u00f1ar \u2013 Juan Calatrava Escobar \u2013 Zoraida Callejas Carri\u00f3n \u2013 Coral Calvo Maturana \u2013 Jos\u00e9 Antonio Camacho Ballesta \u2013 Francisco Cano Entrena \u2013 Santiago Carb\u00f3 Valverde \u2013 Antonio Caro Valero \u2013 Pilar Carrasco Carrasco \u2013 Emilio Carreras Torres \u2013 Marta Casta\u00f1o Casco \u2013 Manuel Castilla Cubillas \u2013 Juan Chac\u00f3n Almeda \u2013 Jes\u00fas Chamorro Mart\u00ednez \u2013 Antonio Javier Chica N\u00fa\u00f1ez \u2013 Beatriz Clares Naveros \u2013 Antonio Collados Alcaide \u2013 Francisco Contreras Cort\u00e9s \u2013 Oscar Cord\u00f3n Garc\u00eda \u2013 Joaqu\u00edn Andr\u00e9s Cordovilla M\u00e1rquez \u2013 Susana Corzo Fern\u00e1ndez \u2013 Francisco Cuesta Rico \u2013 Antonio de Dios Cubero \u2013 Olvido de la Rosa Baena \u2013 Juan Jes\u00fas de la Torre Bayo \u2013 Elena de Miguel Conde \u2013 Javier de Teresa Galv\u00e1n \u2013 Consuelo del Moral \u00c1vila \u2013 Rafael Delgado Calvo-Flores \u2013 Mar\u00eda Isabel Deu Olmo \u2013 Roc\u00edo D\u00edaz Bravo \u2013 Juan Jos\u00e9 D\u00edaz Moch\u00f3n \u2013 Alberto Carlos Donaire \u00c1vila \u2013 Paola Dos Santos Gunti\u00f1as \u2013 Adela Dur\u00e1n Guzm\u00e1n \u2013 Francisco Javier Dur\u00e1n Ruiz \u2013 Vito Episcopo Sol\u00eds \u2013 David Epstein \u2013 Germaine Escames Rosa \u2013 Raquel Escobar Molina \u2013 Jos\u00e9 Ram\u00f3n Espa\u00f1a S\u00e1nchez \u2013 Francisca Exp\u00f3sito Jim\u00e9nez \u2013 Waldo Fajardo Contreras \u2013 F\u00e9lix Fern\u00e1ndez Casta\u00f1o \u2013 Valeria Fern\u00e1ndez Mu\u00f1oz \u2013 Jos\u00e9 \u00c1ngel Fern\u00e1ndez N\u00fa\u00f1ez \u2013 Emilia Fern\u00e1ndez Ondo\u00f1o \u2013 Antonio Fern\u00e1ndez Porcel \u2013 Lourdes Fern\u00e1ndez Vega \u2013 Mar\u00eda del Mar Fuentes Fuentes \u2013 Raquel Fuentes Garc\u00eda \u2013 Claudia Fuentes Rueda \u2013 Fernando Gal\u00e1n Palomares \u2013 Ana Gallego Cui\u00f1as \u2013 Antolino Gallego Molina \u2013 Francisco Javier Gallego Roca \u2013 Francisco G\u00e1miz P\u00e9rez \u2013 Vanesa G\u00e1miz S\u00e1nchez \u2013 Rosa Garc\u00eda Avil\u00e9s \u2013 Ana Garc\u00eda Campa\u00f1a \u2013 Antonio Garc\u00eda Casco \u2013 Celia Garc\u00eda Fern\u00e1ndez \u2013 M\u00aa \u00c1ngeles Garc\u00eda Gil \u2013 Antonio Garc\u00eda Guzm\u00e1n \u2013 Giselle Garc\u00eda H\u00edpola \u2013 Salvador Garc\u00eda L\u00f3pez \u2013 Ana Garc\u00eda L\u00f3pez \u2013 Ana Isabel Garc\u00eda L\u00f3pez \u2013 Pedro Jes\u00fas Garc\u00eda Moreno \u2013 Jes\u00fas Garc\u00eda Puertas \u2013 Miguel \u00c1ngel Garc\u00eda Rubio \u2013 Francisco Javier Garc\u00eda Ruiz \u2013 Jos\u00e9 Antonio Garc\u00eda S\u00e1nchez \u2013 Laura Garc\u00eda-Lorca de los R\u00edos \u2013 Jos\u00e9 Claudio Gil Reyes \u2013 Roberto G\u00f3mez Amate \u2013 Manuel G\u00f3mez Guzm\u00e1n \u2013 Marian G\u00f3mez Letr\u00e1n \u2013 Jes\u00fas Gonz\u00e1lez L\u00f3pez \u2013 Mar\u00eda Jos\u00e9 Gonz\u00e1lez L\u00f3pez \u2013 Josu\u00e9 Gonz\u00e1lez Ruiz \u2013 Ana Gregorio Cano \u2013 Carmen Gregorio Gil \u2013 Yolanda Guasch Mar\u00ed \u2013 Enrique Guill\u00e9n L\u00f3pez \u2013 Blanca Guti\u00e9rrez Mart\u00ednez \u2013 Jos\u00e9 Guti\u00e9rrez P\u00e9rez \u2013 Jes\u00fas Henares de la Torre \u2013 Lucia Herrera Torres \u2013 Enrique Herrera Viedma \u2013 Jos\u00e9 Herrero Rub\u00ed \u2013 Mirian Herv\u00e1s Torres \u2013 Encarnaci\u00f3n Hidalgo Tenorio \u2013 Pilar Ibarrondo D\u00e1vila \u2013 Francisco Manuel Illeras Garc\u00eda \u2013 Soledad Jacobe Mart\u00ednez \u2013 Antonio Jara Andreu \u2013 Luis Miguel Jim\u00e9nez del Barco Jaldo \u2013 Catalina Jim\u00e9nez Hurtado \u2013 Jos\u00e9 Juan Jim\u00e9nez Mole\u00f3n \u2013 Miguel Jim\u00e9nez Puertas \u2013 Antonio Le\u00f3n Serrano \u2013 Francisco Li\u00e9bana Cabanillas \u2013 Antonio Li\u00f1\u00e1n Gonz\u00e1lez \u2013 Carmen Liz\u00e1rraga Mollinedo \u2013 Esther L\u00f3pez C\u00e1rdenas \u2013 Masao Javier L\u00f3pez Sako \u2013 Nobuo Ignacio L\u00f3pez Sako \u2013 Juan L\u00f3pez-Belmonte Encina \u2013 Miguel L\u00f3pez-Guadalupe Mu\u00f1oz \u2013 Rafael Jes\u00fas L\u00f3pez-Guzm\u00e1n Guzm\u00e1n \u2013 Mar\u00eda L\u00f3pez-Jurado Romero de la Cruz \u2013 Oswaldo Lorenzo Quiles \u2013 Juan Lupi\u00e1\u00f1ez Castillo \u2013 Germ\u00e1n Luz\u00f3n Gonz\u00e1lez \u2013 Gabriel Maci\u00e1 Fern\u00e1ndez \u2013 Ruth Maldonado D\u00edaz \u2013 Patricia Maldonado P\u00e9rez \u2013 Juan Antonio Marmolejo Mart\u00edn \u2013 Juan Carlos Maroto Martos \u2013 M\u00aa Rosa M\u00e1rquez S\u00e1nchez \u2013 Inma Marrero Rocha \u2013 Juli\u00e1n Mart\u00edn Arjona \u2013 Mar\u00eda Jos\u00e9 Mart\u00edn Bautista \u2013 Mar\u00eda Virtudes Mart\u00edn Fern\u00e1ndez \u2013 Adelaida Mart\u00edn Mart\u00edn \u2013 Ricardo Martin Morales \u2013 Antonio Mart\u00ednez Gonz\u00e1lez \u2013 Demetrio Mart\u00ednez Juguera \u2013 Juan Martos Moya \u2013 Juan Mata Anaya \u2013 Davide Melita \u2013 Alfredo Men\u00e9ndez Navarro \u2013 Francisco Mesa Manzano \u2013 Jorge Min Hui Zhou \u2013 Antonio Mingorance Guti\u00e9rrez \u2013 Evaristo Molero Mesa \u2013 Isabel Molina Olea \u2013 Leonor Moral Soriano \u2013 Gracia Mar\u00eda Morales Ortiz \u2013 Salvador Morales Ruano \u2013 Enrique Moratalla Molina \u2013 Roberto Morcillo Jim\u00e9nez \u2013 M. Perla Moreno Arroyo \u2013 Miguel \u00c1ngel Motos Guirao \u2013 Juan Antonio Mu\u00f1oz Orellana \u2013 Antonio Mu\u00f1oz Ropa \u2013 Antonio Mu\u00f1oz Vinuesa \u2013 Asensio Navarro Ortega \u2013 M\u00aa Angustias Navarro Ruiz \u2013 Gabriela Ochoa Covarrubias \u2013 Juan Ram\u00f3n Olmos Vico \u2013 Javier Ord\u00f3\u00f1ez Garc\u00eda \u2013 Teresa Ortega L\u00f3pez \u2013 Nieves Ortega P\u00e9rez \u2013 Miguel Ortega S\u00e1nchez \u2013 Mar\u00eda del Mar Ortiz Camacho \u2013 Jes\u00fas Palenzuela Bautista \u2013 Ernesto P\u00e1ramo Sureda \u2013 Miguel Pasquau Lia\u00f1o \u2013 Irene Pedreira Romero \u2013 Jos\u00e9 Mar\u00eda Peinado Herreros \u2013 Melesio Pe\u00f1a Almaz\u00e1n \u2013 Rafael Peregr\u00edn Espinosa \u2013 Ana Peregr\u00edn Gonz\u00e1lez \u2013 Gracia Peregr\u00edn Rubio \u2013 Mar\u00eda Jos\u00e9 P\u00e9rez Contreras \u2013 Manuel P\u00e9rez Mendoza \u2013 Mar\u00eda Virtudes P\u00e9rez Ropero \u2013 Jos\u00e9 Antonio P\u00e9rez Tapias \u2013 Juan Jos\u00e9 P\u00e9rez Uceta \u2013 Augusto Joaqu\u00edn Piqueras Garc\u00eda \u2013 Miguel Prados Abad \u2013 Esther Puertas Garc\u00eda \u2013 Enrique E. Raya Lozano \u2013 Pedro Jos\u00e9 Real Luna \u2013 Elisa Mar\u00eda Recio Malag\u00f3n \u2013 Juan Carlos Reina Fern\u00e1ndez \u2013 Pilar Requena M\u00e9ndez \u2013 Nicol\u00e1s Robinson Garc\u00eda \u2013 Antonio Robles Lizcano \u2013 Javier Rodr\u00edguez Alc\u00e1zar \u2013 Mar\u00eda Jos\u00e9 Rodr\u00edguez F\u00f3rtiz \u2013 Sonia M. Rodr\u00edguez Ruano \u2013 Gerardo Rodr\u00edguez Salas \u2013 Esteban Romero Fr\u00edas \u2013 Joaqu\u00edn Romero Ruiz \u2013 Nuria Romo Avil\u00e9s \u2013 Eduardo Ros Vidal \u2013 M\u00aa del Carmen Rubio G\u00e1mez \u2013 Pedro Rubio Mercado \u2013 Carmen Rubio Romero \u2013 Joaqu\u00edn Rubio Torres \u2013 Carlos Ruiz Cosano \u2013 Pedro Ruiz Garc\u00eda \u2013 Antonio Ruiz Moya \u2013 Diego Pablo Ruiz Padillo \u2013 M\u00aa Carmen Ruiz Ruiz \u2013 Jonatan Ruiz Ruiz \u2013 Mar\u00eda Ruz C\u00e1mara \u2013 Antonio Salmer\u00f3n Matilla \u2013 Carlos Sampedro Matar\u00edn \u2013 Rosario M\u00aa S\u00e1nchez Mart\u00edn \u2013 Francisco Jos\u00e9 S\u00e1nchez Montalb\u00e1n \u2013 Jos\u00e9 S\u00e1nchez Montes \u2013 Manuel S\u00e1nchez Polo \u2013 Juan Manuel Santiago Zaragoza \u2013 Artur Schmitt \u2013 Francisco Serrano Bernardo \u2013 Paqui Serrano Chica \u2013 C\u00e9sar Solano Galvis \u2013 Sim\u00f3n Jos\u00e9 Su\u00e1rez Cuadros \u2013 Eva Talavera Rodr\u00edguez \u2013 Paz Tornero Lorenzo \u2013 Daniel Torres Salinas \u2013 Magdalena Trillo Dom\u00ednguez \u2013 Antonio Trinidad Requena \u2013 Fernando Trujillo S\u00e1ez \u2013 Be\u00f1at Urrutikoetxea Arrieta \u2013 Jos\u00e9 Vallejo Prieto \u2013 Javier Valls Prieto \u2013 Ana Bel\u00e9n Valverde Cano \u2013 Javier Valverde Pozo \u2013 Jos\u00e9 Vega Hidalgo \u2013 M\u00aa del Mar Venegas Medina \u2013 Jos\u00e9 Antonio Verdejo Cobos \u2013 Inmaculada Yuste Mart\u00ednez \u2013 Juan Ignacio Zafra Becerra \u2013 Montserrat Zamorano Toro<\/p>\n\n\n\n<div style=\"height:7vw\" aria-hidden=\"true\" class=\"wp-block-spacer\"><\/div>\n<\/div>\n<\/div>\n","protected":false},"excerpt":{"rendered":"<p>La Universidad de Granada da las gracias a todas las personas que han contribuido al Plan Estrat\u00e9gico 2031, especialmente a: Vicerrectorado de Pol\u00edtica Institucional y Planificaci\u00f3n Pedro Mercado Pacheco \u2013 Salvador del Barrio Garc\u00eda \u2013 Celia Garc\u00eda Fern\u00e1ndez \u2013 Jos\u00e9 Claudio Gil Reyes \u2013 Ana Valderrama Mu\u00f1oz \u2013 M\u00edriam Lourdes Mart\u00ednez Garrido Comit\u00e9 Director del &hellip;<\/p>\n<p class=\"read-more\"> <a class=\"\" href=\"https:\/\/canal.ugr.es\/UGR2031\/agradecimientos\/\"> <span class=\"screen-reader-text\">Agradecimientos<\/span> Leer m\u00e1s &raquo;<\/a><\/p>\n","protected":false},"author":1,"featured_media":0,"parent":0,"menu_order":0,"comment_status":"closed","ping_status":"closed","template":"","meta":{"site-sidebar-layout":"default","site-content-layout":"default","ast-main-header-display":"","ast-hfb-above-header-display":"","ast-hfb-below-header-display":"","ast-hfb-mobile-header-display":"","site-post-title":"disabled","ast-breadcrumbs-content":"","ast-featured-img":"","footer-sml-layout":"","theme-transparent-header-meta":"","adv-header-id-meta":"","stick-header-meta":"","header-above-stick-meta":"","header-main-stick-meta":"","header-below-stick-meta":"","footnotes":""},"eje":[],"class_list":["post-6736","page","type-page","status-publish","hentry"],"yoast_head":"<!-- This site is optimized with the Yoast SEO plugin v18.9 - https:\/\/yoast.com\/wordpress\/plugins\/seo\/ -->\n<title>Agradecimientos - Plan Estrat\u00e9gico UGR 2031<\/title>\n<meta name=\"robots\" content=\"index, follow, max-snippet:-1, max-image-preview:large, max-video-preview:-1\" \/>\n<link rel=\"canonical\" href=\"https:\/\/canal.ugr.es\/UGR2031\/agradecimientos\/\" \/>\n<meta property=\"og:locale\" content=\"es_ES\" \/>\n<meta property=\"og:type\" content=\"article\" \/>\n<meta property=\"og:title\" content=\"Agradecimientos - Plan Estrat\u00e9gico UGR 2031\" \/>\n<meta property=\"og:description\" content=\"La Universidad de Granada da las gracias a todas las personas que han contribuido al Plan Estrat\u00e9gico 2031, especialmente a: Vicerrectorado de Pol\u00edtica Institucional y Planificaci\u00f3n Pedro Mercado Pacheco \u2013 Salvador del Barrio Garc\u00eda \u2013 Celia Garc\u00eda Fern\u00e1ndez \u2013 Jos\u00e9 Claudio Gil Reyes \u2013 Ana Valderrama Mu\u00f1oz \u2013 M\u00edriam Lourdes Mart\u00ednez Garrido Comit\u00e9 Director del &hellip; Agradecimientos Leer m\u00e1s &raquo;\" \/>\n<meta property=\"og:url\" content=\"https:\/\/canal.ugr.es\/UGR2031\/agradecimientos\/\" \/>\n<meta property=\"og:site_name\" content=\"Plan Estrat\u00e9gico UGR 2031\" \/>\n<meta property=\"article:modified_time\" content=\"2022-05-09T08:51:22+00:00\" \/>\n<meta name=\"twitter:card\" content=\"summary_large_image\" \/>\n<meta name=\"twitter:label1\" content=\"Tiempo de lectura\" \/>\n\t<meta name=\"twitter:data1\" content=\"7 minutos\" \/>\n<script type=\"application\/ld+json\" class=\"yoast-schema-graph\">{\"@context\":\"https:\/\/schema.org\",\"@graph\":[{\"@type\":\"WebSite\",\"@id\":\"https:\/\/canal.ugr.es\/UGR2031\/#website\",\"url\":\"https:\/\/canal.ugr.es\/UGR2031\/\",\"name\":\"Plan Estrat\u00e9gico UGR 2031\",\"description\":\"Plan estrat\u00e9gico 2031 de la Universidad de Granada\",\"potentialAction\":[{\"@type\":\"SearchAction\",\"target\":{\"@type\":\"EntryPoint\",\"urlTemplate\":\"https:\/\/canal.ugr.es\/UGR2031\/?s={search_term_string}\"},\"query-input\":\"required name=search_term_string\"}],\"inLanguage\":\"es\"},{\"@type\":\"WebPage\",\"@id\":\"https:\/\/canal.ugr.es\/UGR2031\/agradecimientos\/#webpage\",\"url\":\"https:\/\/canal.ugr.es\/UGR2031\/agradecimientos\/\",\"name\":\"Agradecimientos - Plan Estrat\u00e9gico UGR 2031\",\"isPartOf\":{\"@id\":\"https:\/\/canal.ugr.es\/UGR2031\/#website\"},\"datePublished\":\"2022-05-03T15:26:50+00:00\",\"dateModified\":\"2022-05-09T08:51:22+00:00\",\"breadcrumb\":{\"@id\":\"https:\/\/canal.ugr.es\/UGR2031\/agradecimientos\/#breadcrumb\"},\"inLanguage\":\"es\",\"potentialAction\":[{\"@type\":\"ReadAction\",\"target\":[\"https:\/\/canal.ugr.es\/UGR2031\/agradecimientos\/\"]}]},{\"@type\":\"BreadcrumbList\",\"@id\":\"https:\/\/canal.ugr.es\/UGR2031\/agradecimientos\/#breadcrumb\",\"itemListElement\":[{\"@type\":\"ListItem\",\"position\":1,\"name\":\"Portada\",\"item\":\"https:\/\/canal.ugr.es\/UGR2031\/\"},{\"@type\":\"ListItem\",\"position\":2,\"name\":\"Agradecimientos\"}]}]}<\/script>\n<!-- \/ Yoast SEO plugin. -->","yoast_head_json":{"title":"Agradecimientos - Plan Estrat\u00e9gico UGR 2031","robots":{"index":"index","follow":"follow","max-snippet":"max-snippet:-1","max-image-preview":"max-image-preview:large","max-video-preview":"max-video-preview:-1"},"canonical":"https:\/\/canal.ugr.es\/UGR2031\/agradecimientos\/","og_locale":"es_ES","og_type":"article","og_title":"Agradecimientos - Plan Estrat\u00e9gico UGR 2031","og_description":"La Universidad de Granada da las gracias a todas las personas que han contribuido al Plan Estrat\u00e9gico 2031, especialmente a: Vicerrectorado de Pol\u00edtica Institucional y Planificaci\u00f3n Pedro Mercado Pacheco \u2013 Salvador del Barrio Garc\u00eda \u2013 Celia Garc\u00eda Fern\u00e1ndez \u2013 Jos\u00e9 Claudio Gil Reyes \u2013 Ana Valderrama Mu\u00f1oz \u2013 M\u00edriam Lourdes Mart\u00ednez Garrido Comit\u00e9 Director del &hellip; Agradecimientos Leer m\u00e1s &raquo;","og_url":"https:\/\/canal.ugr.es\/UGR2031\/agradecimientos\/","og_site_name":"Plan Estrat\u00e9gico UGR 2031","article_modified_time":"2022-05-09T08:51:22+00:00","twitter_card":"summary_large_image","twitter_misc":{"Tiempo de lectura":"7 minutos"},"schema":{"@context":"https:\/\/schema.org","@graph":[{"@type":"WebSite","@id":"https:\/\/canal.ugr.es\/UGR2031\/#website","url":"https:\/\/canal.ugr.es\/UGR2031\/","name":"Plan Estrat\u00e9gico UGR 2031","description":"Plan estrat\u00e9gico 2031 de la Universidad de Granada","potentialAction":[{"@type":"SearchAction","target":{"@type":"EntryPoint","urlTemplate":"https:\/\/canal.ugr.es\/UGR2031\/?s={search_term_string}"},"query-input":"required name=search_term_string"}],"inLanguage":"es"},{"@type":"WebPage","@id":"https:\/\/canal.ugr.es\/UGR2031\/agradecimientos\/#webpage","url":"https:\/\/canal.ugr.es\/UGR2031\/agradecimientos\/","name":"Agradecimientos - Plan Estrat\u00e9gico UGR 2031","isPartOf":{"@id":"https:\/\/canal.ugr.es\/UGR2031\/#website"},"datePublished":"2022-05-03T15:26:50+00:00","dateModified":"2022-05-09T08:51:22+00:00","breadcrumb":{"@id":"https:\/\/canal.ugr.es\/UGR2031\/agradecimientos\/#breadcrumb"},"inLanguage":"es","potentialAction":[{"@type":"ReadAction","target":["https:\/\/canal.ugr.es\/UGR2031\/agradecimientos\/"]}]},{"@type":"BreadcrumbList","@id":"https:\/\/canal.ugr.es\/UGR2031\/agradecimientos\/#breadcrumb","itemListElement":[{"@type":"ListItem","position":1,"name":"Portada","item":"https:\/\/canal.ugr.es\/UGR2031\/"},{"@type":"ListItem","position":2,"name":"Agradecimientos"}]}]}},"_links":{"self":[{"href":"https:\/\/canal.ugr.es\/UGR2031\/wp-json\/wp\/v2\/pages\/6736","targetHints":{"allow":["GET"]}}],"collection":[{"href":"https:\/\/canal.ugr.es\/UGR2031\/wp-json\/wp\/v2\/pages"}],"about":[{"href":"https:\/\/canal.ugr.es\/UGR2031\/wp-json\/wp\/v2\/types\/page"}],"author":[{"embeddable":true,"href":"https:\/\/canal.ugr.es\/UGR2031\/wp-json\/wp\/v2\/users\/1"}],"replies":[{"embeddable":true,"href":"https:\/\/canal.ugr.es\/UGR2031\/wp-json\/wp\/v2\/comments?post=6736"}],"version-history":[{"count":48,"href":"https:\/\/canal.ugr.es\/UGR2031\/wp-json\/wp\/v2\/pages\/6736\/revisions"}],"predecessor-version":[{"id":6833,"href":"https:\/\/canal.ugr.es\/UGR2031\/wp-json\/wp\/v2\/pages\/6736\/revisions\/6833"}],"wp:attachment":[{"href":"https:\/\/canal.ugr.es\/UGR2031\/wp-json\/wp\/v2\/media?parent=6736"}],"wp:term":[{"taxonomy":"eje","embeddable":true,"href":"https:\/\/canal.ugr.es\/UGR2031\/wp-json\/wp\/v2\/eje?post=6736"}],"curies":[{"name":"wp","href":"https:\/\/api.w.org\/{rel}","templated":true}]}}